{"id":247,"date":"2024-01-16T13:54:35","date_gmt":"2024-01-16T13:54:35","guid":{"rendered":"https:\/\/gatdecoracoes.com.br\/?page_id=247"},"modified":"2026-04-15T20:41:28","modified_gmt":"2026-04-15T20:41:28","slug":"papeis-de-parede","status":"publish","type":"page","link":"https:\/\/gatdecoracoes.com.br\/index.php\/papeis-de-parede\/","title":{"rendered":"Papeis de Parede"},"content":{"rendered":"\t\t<div data-elementor-type=\"wp-page\" data-elementor-id=\"247\" class=\"elementor elementor-247\" data-elementor-settings=\"{&quot;ha_cmc_init_switcher&quot;:&quot;no&quot;}\">\n\t\t\t\t<div class=\"elementor-element elementor-element-57b1ff7 e-flex e-con-boxed e-con e-parent\" data-id=\"57b1ff7\" data-element_type=\"container\" data-settings=\"{&quot;_ha_eqh_enable&quot;:false}\">\n\t\t\t\t\t<div class=\"e-con-inner\">\n\t\t<div class=\"elementor-element elementor-element-79037f4 e-con-full e-flex e-con e-child\" data-id=\"79037f4\" data-element_type=\"container\" data-settings=\"{&quot;_ha_eqh_enable&quot;:false}\">\n\t\t\t\t<div class=\"elementor-element elementor-element-ce931ea elementor-widget elementor-widget-image\" data-id=\"ce931ea\" data-element_type=\"widget\" data-widget_type=\"image.default\">\n\t\t\t\t<div class=\"elementor-widget-container\">\n\t\t\t\t\t\t\t\t\t\t\t\t\t\t\t<img fetchpriority=\"high\" decoding=\"async\" width=\"600\" height=\"600\" src=\"https:\/\/gatdecoracoes.com.br\/wp-content\/uploads\/2024\/01\/5a02c024-c842-4d83-90eb-44cd78801b53.jpg\" class=\"attachment-large size-large wp-image-249\" alt=\"\" srcset=\"https:\/\/gatdecoracoes.com.br\/wp-content\/uploads\/2024\/01\/5a02c024-c842-4d83-90eb-44cd78801b53.jpg 600w, https:\/\/gatdecoracoes.com.br\/wp-content\/uploads\/2024\/01\/5a02c024-c842-4d83-90eb-44cd78801b53-300x300.jpg 300w, https:\/\/gatdecoracoes.com.br\/wp-content\/uploads\/2024\/01\/5a02c024-c842-4d83-90eb-44cd78801b53-150x150.jpg 150w\" sizes=\"(max-width: 600px) 100vw, 600px\" \/>\t\t\t\t\t\t\t\t\t\t\t\t\t\t\t<\/div>\n\t\t\t\t<\/div>\n\t\t\t\t<\/div>\n\t\t<div class=\"elementor-element elementor-element-68c7d68 e-con-full e-flex e-con e-child\" data-id=\"68c7d68\" data-element_type=\"container\" data-settings=\"{&quot;_ha_eqh_enable&quot;:false}\">\n\t\t\t\t<div class=\"elementor-element elementor-element-88cf9d5 elementor-widget elementor-widget-image\" data-id=\"88cf9d5\" data-element_type=\"widget\" data-widget_type=\"image.default\">\n\t\t\t\t<div class=\"elementor-widget-container\">\n\t\t\t\t\t\t\t\t\t\t\t\t\t\t\t<img decoding=\"async\" width=\"407\" height=\"600\" src=\"https:\/\/gatdecoracoes.com.br\/wp-content\/uploads\/2024\/01\/469e2de2-50c5-49ed-99ab-08eb5000b507.jpg\" class=\"attachment-large size-large wp-image-250\" alt=\"\" srcset=\"https:\/\/gatdecoracoes.com.br\/wp-content\/uploads\/2024\/01\/469e2de2-50c5-49ed-99ab-08eb5000b507.jpg 407w, https:\/\/gatdecoracoes.com.br\/wp-content\/uploads\/2024\/01\/469e2de2-50c5-49ed-99ab-08eb5000b507-204x300.jpg 204w\" sizes=\"(max-width: 407px) 100vw, 407px\" \/>\t\t\t\t\t\t\t\t\t\t\t\t\t\t\t<\/div>\n\t\t\t\t<\/div>\n\t\t\t\t<\/div>\n\t\t<div class=\"elementor-element elementor-element-87e5df2 e-con-full e-flex e-con e-child\" data-id=\"87e5df2\" data-element_type=\"container\" data-settings=\"{&quot;_ha_eqh_enable&quot;:false}\">\n\t\t\t\t<div class=\"elementor-element elementor-element-3e8861b elementor-widget elementor-widget-image\" data-id=\"3e8861b\" data-element_type=\"widget\" data-widget_type=\"image.default\">\n\t\t\t\t<div class=\"elementor-widget-container\">\n\t\t\t\t\t\t\t\t\t\t\t\t\t\t\t<img decoding=\"async\" width=\"937\" height=\"1024\" src=\"https:\/\/gatdecoracoes.com.br\/wp-content\/uploads\/2024\/01\/9164ff60-56c3-4d23-8c0d-a669d6a14055-937x1024.jpg\" class=\"attachment-large size-large wp-image-251\" alt=\"\" srcset=\"https:\/\/gatdecoracoes.com.br\/wp-content\/uploads\/2024\/01\/9164ff60-56c3-4d23-8c0d-a669d6a14055-937x1024.jpg 937w, https:\/\/gatdecoracoes.com.br\/wp-content\/uploads\/2024\/01\/9164ff60-56c3-4d23-8c0d-a669d6a14055-274x300.jpg 274w, https:\/\/gatdecoracoes.com.br\/wp-content\/uploads\/2024\/01\/9164ff60-56c3-4d23-8c0d-a669d6a14055-768x840.jpg 768w, https:\/\/gatdecoracoes.com.br\/wp-content\/uploads\/2024\/01\/9164ff60-56c3-4d23-8c0d-a669d6a14055.jpg 1170w\" sizes=\"(max-width: 937px) 100vw, 937px\" \/>\t\t\t\t\t\t\t\t\t\t\t\t\t\t\t<\/div>\n\t\t\t\t<\/div>\n\t\t\t\t<\/div>\n\t\t<div class=\"elementor-element elementor-element-efc23e0 e-con-full e-flex e-con e-child\" data-id=\"efc23e0\" data-element_type=\"container\" data-settings=\"{&quot;_ha_eqh_enable&quot;:false}\">\n\t\t\t\t<div class=\"elementor-element elementor-element-5a9b8bd elementor-widget elementor-widget-image\" data-id=\"5a9b8bd\" data-element_type=\"widget\" data-widget_type=\"image.default\">\n\t\t\t\t<div class=\"elementor-widget-container\">\n\t\t\t\t\t\t\t\t\t\t\t\t\t\t\t<img loading=\"lazy\" decoding=\"async\" width=\"539\" height=\"600\" src=\"https:\/\/gatdecoracoes.com.br\/wp-content\/uploads\/2024\/01\/fda77485-7ed4-4192-acf9-ae55754f5534.jpg\" class=\"attachment-large size-large wp-image-252\" alt=\"\" srcset=\"https:\/\/gatdecoracoes.com.br\/wp-content\/uploads\/2024\/01\/fda77485-7ed4-4192-acf9-ae55754f5534.jpg 539w, https:\/\/gatdecoracoes.com.br\/wp-content\/uploads\/2024\/01\/fda77485-7ed4-4192-acf9-ae55754f5534-270x300.jpg 270w\" sizes=\"(max-width: 539px) 100vw, 539px\" \/>\t\t\t\t\t\t\t\t\t\t\t\t\t\t\t<\/div>\n\t\t\t\t<\/div>\n\t\t\t\t<\/div>\n\t\t\t\t\t<\/div>\n\t\t\t\t<\/div>\n\t\t<div class=\"elementor-element elementor-element-9c2cdae e-flex e-con-boxed e-con e-parent\" data-id=\"9c2cdae\" data-element_type=\"container\" data-settings=\"{&quot;_ha_eqh_enable&quot;:false}\">\n\t\t\t\t\t<div class=\"e-con-inner\">\n\t\t\t\t<div class=\"elementor-element elementor-element-e2039fd elementor-widget elementor-widget-text-editor\" data-id=\"e2039fd\" data-element_type=\"widget\" data-widget_type=\"text-editor.default\">\n\t\t\t\t<div class=\"elementor-widget-container\">\n\t\t\t\t\t\t\t\t\t<p>\u2728 <strong>Pap\u00e9is de Parede Decorativos GAT Decora\u00e7\u00f5es: O Toque Sofisticado que Define sua Est\u00e9tica!<\/strong><\/p><p>Descubra a beleza e versatilidade dos Pap\u00e9is de Parede Decorativos da GAT Decora\u00e7\u00f5es, onde cada padr\u00e3o e textura \u00e9 uma express\u00e3o de eleg\u00e2ncia que redefine seus espa\u00e7os interiores. Aposte em um visual \u00fanico que reflete sua personalidade e transforma suas paredes em obras de arte.<\/p><p>\ud83c\udf1f <strong>Estilo Personalizado: Padr\u00f5es que Contam Sua Hist\u00f3ria!<\/strong><\/p><p>Nossos pap\u00e9is de parede decorativos oferecem uma variedade de estilos, desde designs cl\u00e1ssicos at\u00e9 op\u00e7\u00f5es contempor\u00e2neas e ousadas. Escolha padr\u00f5es que ressoem com sua est\u00e9tica pessoal, transformando suas paredes em uma tela onde sua hist\u00f3ria \u00e9 contada.<\/p><p>\ud83d\udcab <strong>Texturas Luxuosas: Sinta a Diferen\u00e7a ao Toque!<\/strong><\/p><p>Cada textura \u00e9 cuidadosamente selecionada para proporcionar uma experi\u00eancia t\u00e1til \u00fanica. Desde texturas suaves e aveludadas at\u00e9 padr\u00f5es tridimensionais que adicionam profundidade visual, nossos pap\u00e9is de parede elevam a experi\u00eancia sensorial de seus ambientes.<\/p><p>\ud83c\udf08 <strong>Variedade de Cores e Composi\u00e7\u00f5es: Harmonize Seus Espa\u00e7os!<\/strong><\/p><p>Personalize seus ambientes com uma ampla gama de cores e composi\u00e7\u00f5es. Seja uma parede de destaque ou uma renova\u00e7\u00e3o completa, nossos pap\u00e9is de parede decorativos oferecem op\u00e7\u00f5es para criar a harmonia visual que transforma seus espa\u00e7os.<\/p><p>\u2728 <strong>Durabilidade com Estilo: Investimento que Perdura ao Longo do Tempo!<\/strong><\/p><p>Al\u00e9m da est\u00e9tica, nossos pap\u00e9is de parede decorativos s\u00e3o selecionados por sua durabilidade. Com materiais de alta qualidade, voc\u00ea n\u00e3o apenas adiciona beleza \u00e0s suas paredes, mas tamb\u00e9m faz um investimento que perdura ao longo do tempo.<\/p><p>\ud83d\udcde <strong>Contate-nos Agora e Descubra como os Pap\u00e9is de Parede Decorativos Podem Redefinir a Est\u00e9tica de sua Casa ou Escrit\u00f3rio!<\/strong> Telefone: (11) 95089-8803<\/p>\t\t\t\t\t\t\t\t<\/div>\n\t\t\t\t<\/div>\n\t\t\t\t\t<\/div>\n\t\t\t\t<\/div>\n\t\t<div class=\"elementor-element elementor-element-dfab2ed e-flex e-con-boxed e-con e-parent\" data-id=\"dfab2ed\" data-element_type=\"container\" data-settings=\"{&quot;_ha_eqh_enable&quot;:false}\">\n\t\t\t\t\t<div class=\"e-con-inner\">\n\t\t\t\t<div class=\"elementor-element elementor-element-d0f3ce7 elementor-align-center elementor-widget elementor-widget-button\" data-id=\"d0f3ce7\" data-element_type=\"widget\" data-widget_type=\"button.default\">\n\t\t\t\t<div class=\"elementor-widget-container\">\n\t\t\t\t\t\t\t\t\t<div class=\"elementor-button-wrapper\">\n\t\t\t\t\t<a class=\"elementor-button elementor-button-link elementor-size-sm\" href=\"https:\/\/wa.me\/send?phone=5511950898803&#038;text=Ol\u00e1%2C+vi+o+an\u00fancio+de+voc\u00eas+no+Google+e+gostaria+de+uma+cota\u00e7\u00e3o+de+papeis+de+parede\">\n\t\t\t\t\t\t<span class=\"elementor-button-content-wrapper\">\n\t\t\t\t\t\t<span class=\"elementor-button-icon\">\n\t\t\t\t<svg aria-hidden=\"true\" class=\"e-font-icon-svg e-fab-whatsapp\" viewBox=\"0 0 448 512\" xmlns=\"http:\/\/www.w3.org\/2000\/svg\"><path d=\"M380.9 97.1C339 55.1 283.2 32 223.9 32c-122.4 0-222 99.6-222 222 0 39.1 10.2 77.3 29.6 111L0 480l117.7-30.9c32.4 17.7 68.9 27 106.1 27h.1c122.3 0 224.1-99.6 224.1-222 0-59.3-25.2-115-67.1-157zm-157 341.6c-33.2 0-65.7-8.9-94-25.7l-6.7-4-69.8 18.3L72 359.2l-4.4-7c-18.5-29.4-28.2-63.3-28.2-98.2 0-101.7 82.8-184.5 184.6-184.5 49.3 0 95.6 19.2 130.4 54.1 34.8 34.9 56.2 81.2 56.1 130.5 0 101.8-84.9 184.6-186.6 184.6zm101.2-138.2c-5.5-2.8-32.8-16.2-37.9-18-5.1-1.9-8.8-2.8-12.5 2.8-3.7 5.6-14.3 18-17.6 21.8-3.2 3.7-6.5 4.2-12 1.4-32.6-16.3-54-29.1-75.5-66-5.7-9.8 5.7-9.1 16.3-30.3 1.8-3.7.9-6.9-.5-9.7-1.4-2.8-12.5-30.1-17.1-41.2-4.5-10.8-9.1-9.3-12.5-9.5-3.2-.2-6.9-.2-10.6-.2-3.7 0-9.7 1.4-14.8 6.9-5.1 5.6-19.4 19-19.4 46.3 0 27.3 19.9 53.7 22.6 57.4 2.8 3.7 39.1 59.7 94.8 83.8 35.2 15.2 49 16.5 66.6 13.9 10.7-1.6 32.8-13.4 37.4-26.4 4.6-13 4.6-24.1 3.2-26.4-1.3-2.5-5-3.9-10.5-6.6z\"><\/path><\/svg>\t\t\t<\/span>\n\t\t\t\t\t\t\t\t\t<span class=\"elementor-button-text\">Solicite seu Or\u00e7amento<\/span>\n\t\t\t\t\t<\/span>\n\t\t\t\t\t<\/a>\n\t\t\t\t<\/div>\n\t\t\t\t\t\t\t\t<\/div>\n\t\t\t\t<\/div>\n\t\t\t\t\t<\/div>\n\t\t\t\t<\/div>\n\t\t\t\t<\/div>\n\t\t","protected":false},"excerpt":{"rendered":"<p>\u2728 Pap\u00e9is de Parede Decorativos GAT Decora\u00e7\u00f5es: O Toque Sofisticado que Define sua Est\u00e9tica! Descubra a beleza e versatilidade dos Pap\u00e9is de Parede Decorativos da GAT Decora\u00e7\u00f5es, onde cada padr\u00e3o e textura \u00e9 uma express\u00e3o de eleg\u00e2ncia que redefine seus espa\u00e7os interiores. Aposte em um visual \u00fanico que reflete sua personalidade e transforma suas paredes [&hellip;]<\/p>\n","protected":false},"author":1,"featured_media":0,"parent":0,"menu_order":0,"comment_status":"closed","ping_status":"closed","template":"elementor_header_footer","meta":{"footnotes":"","_vp_format_video_url":"","_vp_image_focal_point":[]},"_hostinger_reach_plugin_has_subscription_block":false,"_hostinger_reach_plugin_is_elementor":false,"_links":{"self":[{"href":"https:\/\/gatdecoracoes.com.br\/index.php\/wp-json\/wp\/v2\/pages\/247"}],"collection":[{"href":"https:\/\/gatdecoracoes.com.br\/index.php\/wp-json\/wp\/v2\/pages"}],"about":[{"href":"https:\/\/gatdecoracoes.com.br\/index.php\/wp-json\/wp\/v2\/types\/page"}],"author":[{"embeddable":true,"href":"https:\/\/gatdecoracoes.com.br\/index.php\/wp-json\/wp\/v2\/users\/1"}],"replies":[{"embeddable":true,"href":"https:\/\/gatdecoracoes.com.br\/index.php\/wp-json\/wp\/v2\/comments?post=247"}],"version-history":[{"count":13,"href":"https:\/\/gatdecoracoes.com.br\/index.php\/wp-json\/wp\/v2\/pages\/247\/revisions"}],"predecessor-version":[{"id":808,"href":"https:\/\/gatdecoracoes.com.br\/index.php\/wp-json\/wp\/v2\/pages\/247\/revisions\/808"}],"wp:attachment":[{"href":"https:\/\/gatdecoracoes.com.br\/index.php\/wp-json\/wp\/v2\/media?parent=247"}],"curies":[{"name":"wp","href":"https:\/\/api.w.org\/{rel}","templated":true}]}}